e remainder when 55733516 is divided by 5066681.
25
Calculate the remainder when 13414 is divided by 38.
0
What is the remainder when 8911792 is divided by 87?
34
Calculate the remainder when 53635 is divided by 7647.
106
Calculate the remainder when 1069669 is divided by 3591.
3142
Calculate the remainder when 759653 is divided by 758764.
889
What is the remainder when 5401305 is divided by 498?
495
What is the remainder when 74194 is divided by 36413?
1368
Calculate the remainder when 3897687 is divided by 2108.
2103
What is the remainder when 13699319 is divided by 1561?
1544
Calculate the remainder when 83839 is divided by 16678.
449
What is the remainder when 280258799 is divided by 240?
239
What is the remainder when 7433573 is divided by 1155?
1148
What is the remainder when 3864537 is divided by 31419?
0
What is the remainder when 563661 is divided by 214?
199
What is the remainder when 918303 is divided by 8914?
161
Calculate the remainder when 421327 is divided by 350.
277
Calculate the remainder when 24749 is divided by 6948.
3905
What is the remainder when 1946417 is divided by 97319?
37
What is the remainder when 797442 is divided by 47?
40
Calculate the remainder when 589456 is divided by 179.
9
Calculate the remainder when 31979747 is divided by 638.
635
Calculate the remainder when 1050322 is divided by 65633.
194
Calculate the remainder when 7477 is divided by 920.
117
Calculate the remainder when 4942176 is divided by 152.
48
What is the remainder when 15708462 is divided by 45?
42
What is the remainder when 13135 is divided by 1267?
465
What is the remainder when 826501437 is divided by 14?
13
What is the remainder when 32572424 is divided by 167899?
18
What is the remainder when 510926 is divided by 44?
42
What is the remainder when 103303 is divided by 11326?
1369
What is the remainder when 8500997 is divided by 175?
22
Calculate the remainder when 149838727 is divided by 323.
319
Calculate the remainder when 132862 is divided by 2480.
1422
Calculate the remainder when 164051 is divided by 272.
35
Calculate the remainder when 295301 is divided by 10546.
13
What is the remainder when 18046637 is divided by 125?
12
What is the remainder when 207475 is divided by 64417?
14224
What is the remainder when 93905 is divided by 7055?
2190
Calculate the remainder when 46043191 is divided by 379.
376
Calculate the remainder when 523549 is divided by 12447.
775
What is the remainder when 158410 is divided by 3736?
1498
Calculate the remainder when 5223238 is divided by 396.
394
Calculate the remainder when 154204 is divided by 284.
276
Calculate the remainder when 1136066 is divided by 1170.
1166
Calculate the remainder when 4433959 is divided by 23.
19
Calculate the remainder when 3010480 is divided by 1505232.
16
Calculate the remainder when 54793412 is divided by 59.
53
Calculate the remainder when 330753 is divided by 163752.
3249
Calculate the remainder when 3127959 is divided by 27.
9
Calculate the remainder when 7444202 is divided by 23.
22
Calculate the remainder when 724736 is divided by 6529.
17
What is the remainder when 9558756 is divided by 245?
81
What is the remainder when 1396529 is divided by 2965?
14
Calculate the remainder when 1794246 is divided by 1787.
98
What is the remainder when 4926706 is divided by 1879?
1847
What is the remainder when 18859202 is divided by 3771838?
12
What is the remainder when 329453 is divided by 5?
3
What is the remainder when 763216 is divided by 12?
4
Calculate the remainder when 39244194 is divided by 13081396.
6
Calculate the remainder when 943211 is divided by 235179.
2495
Calculate the remainder when 26710 is divided by 8854.
148
What is the remainder when 4243 is divided by 3297?
946
What is the remainder when 3046683 is divided by 14786?
767
What is the remainder when 397553 is divided by 35?
23
What is the remainder when 1566959 is divided by 1566908?
51
What is the remainder when 16571449 is divided by 226?
225
What is the remainder when 516084 is divided by 191?
2
What is the remainder when 358949936 is divided by 1297?
1295
What is the remainder when 2406053 is divided by 42?
41
Calculate the remainder when 430422 is divided by 53788.
118
Calculate the remainder when 284814 is divided by 564.
558
What is the remainder when 1206922 is divided by 846?
526
Calculate the remainder when 91849 is divided by 44730.
2389
Calculate the remainder when 3178332 is divided by 2123.
201
What is the remainder when 16293056 is divided by 804?
800
What is the remainder when 466772 is divided by 3112?
3084
Calculate the remainder when 2933055 is divided by 318.
141
Calculate the remainder when 8807226 is divided by 96.
90
Calculate the remainder when 737185 is divided by 184275.
85
What is the remainder when 125949 is divided by 41803?
540
What is the remainder when 109267917 is divided by 54?
51
Calculate the remainder when 88848 is divided by 42928.
2992
Calculate the remainder when 2257123 is divided by 487.
365
Calculate the remainder when 1078507 is divided by 43.
24
Calculate the remainder when 1293661 is divided by 402.
25
What is the remainder when 113171371 is divided by 2176372?
27
Calculate the remainder when 62095 is divided by 464.
383
Calculate the remainder when 118519 is divided by 19711.
253
Calculate the remainder when 71236401 is divided by 3572.
5
Calculate the remainder when 25135553 is divided by 775.
753
What is the remainder when 178167174 is divided by 4476?
4470
Calculate the remainder when 319934 is divided by 63912.
374
What is the remainder when 44348 is divided by 5257?
2292
What is the remainder when 9550757 is divided by 573?
566
Calculate the remainder when 998399 is divided by 110933.
2
Calculate the remainder when 730922777 is divided by 5094.
5093
What is the remainder when 1660183 is divided by 29126?
1
Calculate the remainder when 8058355 is divided by 7.
4
What is the remainder when 105037 is divided by 17457?
295
What is the remainder when 423219 is divided by 6044?
139
Calculate the remainder when 4425603 is divided by 3549.
0
What is the remainder when 3749182 is divided by 1656?
1654
What is the remainder when 170886 is divided by 1?
0
Calculate the remainder when 213141316 is divided by 982218.
10
What is the remainder when 4649444 is divided by 664197?
65
Calculate the remainder when 13809457 is divided by 555.
502
Calculate the remainder when 1529244 is divided by 2831.
504
What is the remainder when 18732282 is divided by 1873225?
32
Calculate the remainder when 4665811 is divided by 4495.
1
Calculate the remainder when 79898886 is divided by 112.
102
What is the remainder when 202167 is divided by 1081?
20
Calculate the remainder when 18076 is divided by 2383.
1395
What is the remainder when 4582721 is divided by 264?
209
Calculate the remainder when 15800446 is divided by 7900075.
296
Calculate the remainder when 3932111 is divided by 1885.
1
What is the remainder when 118883 is divided by 16870?
793
Calculate the remainder when 1000033 is divided by 333334.
31
What is the remainder when 151006 is divided by 5805?
76
What is the remainder when 53326728 is divided by 142?
48
What is the remainder when 308973 is divided by 4613?
4515
What is the remainder when 315119 is divided by 721?
42
What is the remainder when 1787176 is divided by 198574?
10
What is the remainder when 4941403 is divided by 1701?
1699
What is the remainder when 430443 is divided by 3679?
0
What is the remainder when 149767 is divided by 73710?
2347
Calculate the remainder when 17305145 is divided by 78.
65
Calculate the remainder when 2400076639 is divided by 1040.
1039
What is the remainder when 11155423 is divided by 851?
515
Calculate the remainder when 1338900 is divided by 3121.
3112
What is the remainder when 447820 is divided by 55942?
284
Calculate the remainder when 8480083 is divided by 10748.
10659
What is the remainder when 304179 is divided by 8946?
15
What is the remainder when 19798 is divided by 9588?
622
Calculate the remainder when 10972155 is divided by 3858.
3
Calculate the remainder when 212671 is divided by 1180.
271
What is the remainder when 1987152 is divided by 67?
66
Calculate the remainder when 591838 is divided by 194355.
8773
What is the re